{"id":229,"date":"2023-05-03T10:25:45","date_gmt":"2023-05-03T15:25:45","guid":{"rendered":"https:\/\/impactomundo.com\/?page_id=229"},"modified":"2023-06-16T07:51:53","modified_gmt":"2023-06-16T12:51:53","slug":"perfil-criminal","status":"publish","type":"page","link":"https:\/\/impactomundo.com\/?page_id=229","title":{"rendered":"PERFIL CRIMINAL"},"content":{"rendered":"\n<p>PERFIL CRIMINAL: Este no solo es el recuento delincuencial de un gran capo o maleante, es un prontuario completo y resumido de personajes tan perversos como peligrosos; en cada episodio se narra el origen en el mundo del crimen, los detalles m\u00e1s escabrosos desde El Mayo Zambada del C\u00e1rtel de Sinaloa hasta el Rey Juan Carlos de Espa\u00f1a.<\/p>\n\n\n\n<hr class=\"wp-block-separator has-alpha-channel-opacity\" style=\"color:#333333\"\/>\n\n\n\n<p><\/p>\n\n\n\n<figure class=\"wp-block-image size-large\"><a class=\"open_1\" href=\"javascript:void(0);\"><img fetchpriority=\"high\" decoding=\"async\" width=\"1024\" height=\"576\" src=\"https:\/\/impactomundo.com\/wp-content\/uploads\/2023\/05\/oyTHoqll1Hg_1280x720-1024x576.jpg\" alt=\"\" class=\"wp-image-361\" srcset=\"https:\/\/impactomundo.com\/wp-content\/uploads\/2023\/05\/oyTHoqll1Hg_1280x720-1024x576.jpg 1024w, https:\/\/impactomundo.com\/wp-content\/uploads\/2023\/05\/oyTHoqll1Hg_1280x720-300x169.jpg 300w, https:\/\/impactomundo.com\/wp-content\/uploads\/2023\/05\/oyTHoqll1Hg_1280x720-768x432.jpg 768w, https:\/\/impactomundo.com\/wp-content\/uploads\/2023\/05\/oyTHoqll1Hg_1280x720.jpg 1280w\" sizes=\"(max-width: 1024px) 100vw, 1024px\" \/><\/a><\/figure>\n\n\n\n<hr class=\"wp-block-separator has-alpha-channel-opacity\" style=\"color:#333333\"\/>\n\n\n\n<figure class=\"wp-block-image size-large\"><a class=\"open_2\" href=\"javascript:void(0);\"><img decoding=\"async\" width=\"1024\" height=\"576\" src=\"https:\/\/impactomundo.com\/wp-content\/uploads\/2023\/05\/Wwp5AyEKUHg_1280x720-1024x576.jpg\" alt=\"\" class=\"wp-image-362\" srcset=\"https:\/\/impactomundo.com\/wp-content\/uploads\/2023\/05\/Wwp5AyEKUHg_1280x720-1024x576.jpg 1024w, https:\/\/impactomundo.com\/wp-content\/uploads\/2023\/05\/Wwp5AyEKUHg_1280x720-300x169.jpg 300w, https:\/\/impactomundo.com\/wp-content\/uploads\/2023\/05\/Wwp5AyEKUHg_1280x720-768x432.jpg 768w, https:\/\/impactomundo.com\/wp-content\/uploads\/2023\/05\/Wwp5AyEKUHg_1280x720.jpg 1280w\" sizes=\"(max-width: 1024px) 100vw, 1024px\" \/><\/a><\/figure>\n\n\n\n<hr class=\"wp-block-separator has-alpha-channel-opacity\" style=\"color:#333333\"\/>\n\n\n\n<figure class=\"wp-block-image size-large\"><a class=\"open_3\" href=\"javascript:void(0);\"><img decoding=\"async\" width=\"1024\" height=\"576\" src=\"https:\/\/impactomundo.com\/wp-content\/uploads\/2023\/05\/ny-zEnrih9Q_1280x720-1024x576.jpg\" alt=\"\" class=\"wp-image-363\" srcset=\"https:\/\/impactomundo.com\/wp-content\/uploads\/2023\/05\/ny-zEnrih9Q_1280x720-1024x576.jpg 1024w, https:\/\/impactomundo.com\/wp-content\/uploads\/2023\/05\/ny-zEnrih9Q_1280x720-300x169.jpg 300w, https:\/\/impactomundo.com\/wp-content\/uploads\/2023\/05\/ny-zEnrih9Q_1280x720-768x432.jpg 768w, https:\/\/impactomundo.com\/wp-content\/uploads\/2023\/05\/ny-zEnrih9Q_1280x720.jpg 1280w\" sizes=\"(max-width: 1024px) 100vw, 1024px\" \/><\/a><\/figure>\n\n\n\n<hr class=\"wp-block-separator has-alpha-channel-opacity\" style=\"color:#333333\"\/>\n\n\n\n<figure class=\"wp-block-image size-large\"><img loading=\"lazy\" decoding=\"async\" width=\"1024\" height=\"576\" src=\"https:\/\/impactomundo.com\/wp-content\/uploads\/2023\/06\/PONCHIS-1024x576.jpg\" alt=\"\" class=\"wp-image-618 open_aliasponchis\" srcset=\"https:\/\/impactomundo.com\/wp-content\/uploads\/2023\/06\/PONCHIS-1024x576.jpg 1024w, https:\/\/impactomundo.com\/wp-content\/uploads\/2023\/06\/PONCHIS-300x169.jpg 300w, https:\/\/impactomundo.com\/wp-content\/uploads\/2023\/06\/PONCHIS-768x432.jpg 768w, https:\/\/impactomundo.com\/wp-content\/uploads\/2023\/06\/PONCHIS-1536x864.jpg 1536w, https:\/\/impactomundo.com\/wp-content\/uploads\/2023\/06\/PONCHIS.jpg 1920w\" sizes=\"(max-width: 1024px) 100vw, 1024px\" \/><\/figure>\n","protected":false},"excerpt":{"rendered":"<p>PERFIL CRIMINAL: Este no solo es el recuento delincuencial de un gran capo o maleante,&#8230;<\/p>\n","protected":false},"author":1,"featured_media":0,"parent":0,"menu_order":0,"comment_status":"closed","ping_status":"closed","template":"","meta":{"om_disable_all_campaigns":false,"_monsterinsights_skip_tracking":false,"_monsterinsights_sitenote_active":false,"_monsterinsights_sitenote_note":"","_monsterinsights_sitenote_category":0,"_uf_show_specific_survey":0,"_uf_disable_surveys":false,"footnotes":""},"class_list":["post-229","page","type-page","status-publish","hentry"],"aioseo_notices":[],"_links":{"self":[{"href":"https:\/\/impactomundo.com\/index.php?rest_route=\/wp\/v2\/pages\/229","targetHints":{"allow":["GET"]}}],"collection":[{"href":"https:\/\/impactomundo.com\/index.php?rest_route=\/wp\/v2\/pages"}],"about":[{"href":"https:\/\/impactomundo.com\/index.php?rest_route=\/wp\/v2\/types\/page"}],"author":[{"embeddable":true,"href":"https:\/\/impactomundo.com\/index.php?rest_route=\/wp\/v2\/users\/1"}],"replies":[{"embeddable":true,"href":"https:\/\/impactomundo.com\/index.php?rest_route=%2Fwp%2Fv2%2Fcomments&post=229"}],"version-history":[{"count":29,"href":"https:\/\/impactomundo.com\/index.php?rest_route=\/wp\/v2\/pages\/229\/revisions"}],"predecessor-version":[{"id":619,"href":"https:\/\/impactomundo.com\/index.php?rest_route=\/wp\/v2\/pages\/229\/revisions\/619"}],"wp:attachment":[{"href":"https:\/\/impactomundo.com\/index.php?rest_route=%2Fwp%2Fv2%2Fmedia&parent=229"}],"curies":[{"name":"wp","href":"https:\/\/api.w.org\/{rel}","templated":true}]}}